{"id":3419,"date":"2020-11-24T10:28:25","date_gmt":"2020-11-24T09:28:25","guid":{"rendered":"http:\/\/www.libourne.fr\/plan-arbres\/?page_id=3419"},"modified":"2022-10-03T16:00:02","modified_gmt":"2022-10-03T14:00:02","slug":"plaine-des-dagueys","status":"publish","type":"page","link":"https:\/\/www.libourne.fr\/plan-arbres\/plaine-des-dagueys\/","title":{"rendered":"Plaine des Dagueys"},"content":{"rendered":"<h2>Plaine des dagueys<\/h2>\n<h2>Deux projets de verdissement pour le poumon vert de Libourne<\/h2>\n<p><strong>La plaine des Dagueys, v\u00e9ritable poumon vert de la ville porte en son sein deux projets de verdissement : le reboisement forestier et la cr\u00e9ation d\u2019un verger partag\u00e9.<\/strong><\/p>\n<p>Depuis 1998, la Ville de Libourne par le biais d\u2019entreprises d\u2019insertion proc\u00e8de \u00e0 la gestion des milieux humides de cette zone naturelle. Apr\u00e8s avoir remis en \u00e9tat des boisements existants, des prairies bocag\u00e8res et cr\u00e9\u00e9 une ferme animali\u00e8re &#8211; ouverte depuis mars 2011 &#8211; pour p\u00e2turer les prairies, la ville de Libourne peut passer \u00e0 l\u2019\u00e9tat de reboisement sur 4 ha de cette zone de 80 ha au total suivi par le service espaces naturels de la Ville (hors lac 42 ha, zone d\u2019activit\u00e9 35 ha et propri\u00e9t\u00e9s priv\u00e9es 20 ha).<\/p>\n<h2>Reboisement forestier<\/h2>\n<figure class=\"gallery-item\">\n\t\t\t\t<a data-elementor-open-lightbox=\"yes\" data-elementor-lightbox-slideshow=\"78aa6fb\" data-elementor-lightbox-title=\"Reboisement forestier aux Dagueys\" data-elementor-lightbox-description=\"Reboisement forestier aux Dagueys\" href=\"http:\/\/www.libourne.fr\/plan-arbres\/wp-content\/uploads\/2020\/11\/mars-7-05.jpg\"><img decoding=\"async\" width=\"325\" height=\"217\" src=\"http:\/\/www.libourne.fr\/plan-arbres\/wp-content\/uploads\/2020\/11\/mars-7-05-325x217.jpg\" alt=\"Reboisement forestier aux Dagueys\" loading=\"lazy\" aria-describedby=\"gallery-1-3514\" srcset=\"https:\/\/www.libourne.fr\/plan-arbres\/wp-content\/uploads\/2020\/11\/mars-7-05-325x217.jpg 325w, https:\/\/www.libourne.fr\/plan-arbres\/wp-content\/uploads\/2020\/11\/mars-7-05-650x433.jpg 650w\" sizes=\"(max-width: 325px) 100vw, 325px\"><\/a><figcaption class=\"wp-caption-text gallery-caption\" id=\"gallery-1-3514\">\n\t\t\t\tReboisement forestier aux Dagueys<br \/>\n<\/figcaption><\/figure>\n<figure class=\"gallery-item\">\n\t\t\t\t<a data-elementor-open-lightbox=\"yes\" data-elementor-lightbox-slideshow=\"78aa6fb\" data-elementor-lightbox-title=\"SAMSUNG TECHWIN DIGIMAX-340\" data-elementor-lightbox-description=\"Reboisement forestier aux Dagueys\" href=\"http:\/\/www.libourne.fr\/plan-arbres\/wp-content\/uploads\/2020\/11\/mars-8-05.jpg\"><img decoding=\"async\" width=\"325\" height=\"217\" src=\"http:\/\/www.libourne.fr\/plan-arbres\/wp-content\/uploads\/2020\/11\/mars-8-05-325x217.jpg\" alt=\"Reboisement forestier aux Dagueys\" loading=\"lazy\" aria-describedby=\"gallery-1-3515\" srcset=\"https:\/\/www.libourne.fr\/plan-arbres\/wp-content\/uploads\/2020\/11\/mars-8-05-325x217.jpg 325w, https:\/\/www.libourne.fr\/plan-arbres\/wp-content\/uploads\/2020\/11\/mars-8-05-650x433.jpg 650w\" sizes=\"(max-width: 325px) 100vw, 325px\"><\/a><figcaption class=\"wp-caption-text gallery-caption\" id=\"gallery-1-3515\">\n\t\t\t\tReboisement forestier aux Dagueys<br \/>\n<\/figcaption><\/figure>\n<figure class=\"gallery-item\">\n\t\t\t\t<a data-elementor-open-lightbox=\"yes\" data-elementor-lightbox-slideshow=\"78aa6fb\" data-elementor-lightbox-title=\"Reboisement forestier aux Dagueys\" data-elementor-lightbox-description=\"Reboisement forestier aux Dagueys\" href=\"http:\/\/www.libourne.fr\/plan-arbres\/wp-content\/uploads\/2020\/11\/mars-15-05.jpg\"><img decoding=\"async\" width=\"325\" height=\"217\" src=\"http:\/\/www.libourne.fr\/plan-arbres\/wp-content\/uploads\/2020\/11\/mars-15-05-325x217.jpg\" alt=\"Reboisement forestier aux Dagueys\" loading=\"lazy\" aria-describedby=\"gallery-1-3516\" srcset=\"https:\/\/www.libourne.fr\/plan-arbres\/wp-content\/uploads\/2020\/11\/mars-15-05-325x217.jpg 325w, https:\/\/www.libourne.fr\/plan-arbres\/wp-content\/uploads\/2020\/11\/mars-15-05-650x433.jpg 650w\" sizes=\"(max-width: 325px) 100vw, 325px\"><\/a><figcaption class=\"wp-caption-text gallery-caption\" id=\"gallery-1-3516\">\n\t\t\t\tReboisement forestier aux Dagueys<br \/>\n<\/figcaption><\/figure>\n<p>4 ha seront plant\u00e9s sur 2 ans (2020 et 2021) soit 830 plants de 3 ans par ha, soit un total de <strong>3 320 plants<\/strong> r\u00e9partis en Saule blanc, Ch\u00eane des marais, Merisier, Erable sycomore.<\/p>\n<p>Plantations en reboisement (scion de 3 ans 60\/80) \u00e0 venir dans les 2 ans<\/p>\n<h3>En 2020 :<strong> 1 580 arbres<br \/>\n<\/strong><\/h3>\n<p>Ch\u00eane p\u00e9doncul\u00e9 \u00e0 40 %, \u00e9rable champ\u00eatre \u00e0 40 % et merisier \u00e0 20 %<\/p>\n<h3>En 2021 : <strong>1 740 arbres<br \/>\n<\/strong><\/h3>\n<p>Ch\u00eane p\u00e9doncul\u00e9, aulne, orme, \u00e9rable champ\u00eatre, merisier (le % des essences sera d\u00e9fini ult\u00e9rieurement)<\/p>\n<figure class=\"gallery-item\">\n\t\t\t\t<a data-elementor-open-lightbox=\"yes\" data-elementor-lightbox-slideshow=\"e2d74d1\" data-elementor-lightbox-title=\"Ch\u00eane p\u00e9doncul\u00e9\" data-elementor-lightbox-description=\"Ch\u00eane p\u00e9doncul\u00e9\" href=\"http:\/\/www.libourne.fr\/plan-arbres\/wp-content\/uploads\/2020\/11\/chene-pedoncule.jpg\"><img decoding=\"async\" width=\"325\" height=\"217\" src=\"http:\/\/www.libourne.fr\/plan-arbres\/wp-content\/uploads\/2020\/11\/chene-pedoncule-325x217.jpg\" alt=\"Ch\u00eane p\u00e9doncul\u00e9\" loading=\"lazy\" aria-describedby=\"gallery-2-3526\" srcset=\"https:\/\/www.libourne.fr\/plan-arbres\/wp-content\/uploads\/2020\/11\/chene-pedoncule-325x217.jpg 325w, https:\/\/www.libourne.fr\/plan-arbres\/wp-content\/uploads\/2020\/11\/chene-pedoncule-650x433.jpg 650w\" sizes=\"(max-width: 325px) 100vw, 325px\"><\/a><figcaption class=\"wp-caption-text gallery-caption\" id=\"gallery-2-3526\">\n\t\t\t\tCh\u00eane p\u00e9doncul\u00e9<br \/>\n<\/figcaption><\/figure>\n<figure class=\"gallery-item\">\n\t\t\t\t<a data-elementor-open-lightbox=\"yes\" data-elementor-lightbox-slideshow=\"e2d74d1\" data-elementor-lightbox-title=\"\u00c9rable champ\u00eatre\" data-elementor-lightbox-description=\"\u00c9rable champ\u00eatre\" href=\"http:\/\/www.libourne.fr\/plan-arbres\/wp-content\/uploads\/2020\/11\/erablechampetre.jpg\"><img decoding=\"async\" width=\"325\" height=\"217\" src=\"http:\/\/www.libourne.fr\/plan-arbres\/wp-content\/uploads\/2020\/11\/erablechampetre-325x217.jpg\" alt=\"\u00c9rable champ\u00eatre\" loading=\"lazy\" aria-describedby=\"gallery-2-3527\" srcset=\"https:\/\/www.libourne.fr\/plan-arbres\/wp-content\/uploads\/2020\/11\/erablechampetre-325x217.jpg 325w, https:\/\/www.libourne.fr\/plan-arbres\/wp-content\/uploads\/2020\/11\/erablechampetre-650x433.jpg 650w, https:\/\/www.libourne.fr\/plan-arbres\/wp-content\/uploads\/2020\/11\/erablechampetre-768x511.jpg 768w, https:\/\/www.libourne.fr\/plan-arbres\/wp-content\/uploads\/2020\/11\/erablechampetre.jpg 900w\" sizes=\"(max-width: 325px) 100vw, 325px\"><\/a><figcaption class=\"wp-caption-text gallery-caption\" id=\"gallery-2-3527\">\n\t\t\t\t\u00c9rable champ\u00eatre<br \/>\n<\/figcaption><\/figure>\n<figure class=\"gallery-item\">\n\t\t\t\t<a data-elementor-open-lightbox=\"yes\" data-elementor-lightbox-slideshow=\"e2d74d1\" data-elementor-lightbox-title=\"Merisier\" data-elementor-lightbox-description=\"Merisier\" href=\"http:\/\/www.libourne.fr\/plan-arbres\/wp-content\/uploads\/2020\/11\/merisier.jpg\"><img decoding=\"async\" width=\"325\" height=\"217\" src=\"http:\/\/www.libourne.fr\/plan-arbres\/wp-content\/uploads\/2020\/11\/merisier-325x217.jpg\" alt=\"Merisier\" loading=\"lazy\" aria-describedby=\"gallery-2-3528\" srcset=\"https:\/\/www.libourne.fr\/plan-arbres\/wp-content\/uploads\/2020\/11\/merisier-325x217.jpg 325w, https:\/\/www.libourne.fr\/plan-arbres\/wp-content\/uploads\/2020\/11\/merisier-650x433.jpg 650w, https:\/\/www.libourne.fr\/plan-arbres\/wp-content\/uploads\/2020\/11\/merisier-768x512.jpg 768w, https:\/\/www.libourne.fr\/plan-arbres\/wp-content\/uploads\/2020\/11\/merisier.jpg 800w\" sizes=\"(max-width: 325px) 100vw, 325px\"><\/a><figcaption class=\"wp-caption-text gallery-caption\" id=\"gallery-2-3528\">\n\t\t\t\tMerisier<br \/>\n<\/figcaption><\/figure>\n<p><img decoding=\"async\" width=\"500\" height=\"500\" src=\"http:\/\/www.libourne.fr\/plan-arbres\/wp-content\/uploads\/2020\/11\/arbre-2.jpg\" alt=\"\" loading=\"lazy\"><\/p>\n<h2>Cr\u00e9ation d\u2019un verger partag\u00e9 situ\u00e9 aux abords de la ferme de la Barbanne<\/h2>\n<p><strong>Compos\u00e9 de 45 arbres fruitiers de 3 types :<\/strong> \u00e0 noyaux, \u00e0 p\u00e9pins, \u00e0 fruits secs.<br \/>\nLibre acc\u00e8s aux productions fruiti\u00e8res et parcours p\u00e9dagogique autour du lac.<\/p>\n<p><strong>D\u00e9but des plantations &gt; fin novembre \/ d\u00e9but d\u00e9cembre<\/strong><\/p>\n<p><strong>Le verger sera compos\u00e9 de deux parties.<\/strong><\/p>\n<ul>\n<li>1 verger p\u00e9dagogique proche de la Ferme de la Barbanne \u2013 1 vari\u00e9t\u00e9 par type de fruits<\/li>\n<li>Plusieurs bosquets de fruitiers au Sud du Lac suivant les types de terrain et secteur prot\u00e9g\u00e9 des vents<\/li>\n<\/ul>\n<p><strong>Seront plant\u00e9s 3 vari\u00e9t\u00e9s par fruitier suivant les 3 types de fruits :<\/strong><\/p>\n<ul>\n<li>\u00e0 noyaux (cerisier, prunier, brugnonier, nectarinier, abricotier, p\u00eacher)<\/li>\n<li>\u00e0 p\u00e9pins (pommier, poirier, figuier, n\u00e9flier, cognassier)<\/li>\n<li>\u00e0 fruits secs (ch\u00e2taignier, marronnier, noyer, noisetier, amandier)<\/li>\n<\/ul>\n<figure class=\"gallery-item\">\n\t\t\t\t<a data-elementor-open-lightbox=\"yes\" data-elementor-lightbox-slideshow=\"b52aae3\" data-elementor-lightbox-title=\"Un futur cerisier aux Dagueys ?\" data-elementor-lightbox-description=\"Un futur cerisier aux Dagueys ?\" href=\"http:\/\/www.libourne.fr\/plan-arbres\/wp-content\/uploads\/2020\/11\/pexels-irina-iriser-3220350.jpg\"><img decoding=\"async\" width=\"650\" height=\"433\" src=\"http:\/\/www.libourne.fr\/plan-arbres\/wp-content\/uploads\/2020\/11\/pexels-irina-iriser-3220350-650x433.jpg\" alt=\"Un futur cerisier aux Dagueys ?\" loading=\"lazy\" aria-describedby=\"gallery-3-3524\" srcset=\"https:\/\/www.libourne.fr\/plan-arbres\/wp-content\/uploads\/2020\/11\/pexels-irina-iriser-3220350-650x433.jpg 650w, https:\/\/www.libourne.fr\/plan-arbres\/wp-content\/uploads\/2020\/11\/pexels-irina-iriser-3220350-325x217.jpg 325w, https:\/\/www.libourne.fr\/plan-arbres\/wp-content\/uploads\/2020\/11\/pexels-irina-iriser-3220350-768x512.jpg 768w, https:\/\/www.libourne.fr\/plan-arbres\/wp-content\/uploads\/2020\/11\/pexels-irina-iriser-3220350.jpg 1000w\" sizes=\"(max-width: 650px) 100vw, 650px\"><\/a><figcaption class=\"wp-caption-text gallery-caption\" id=\"gallery-3-3524\">\n\t\t\t\tUn futur cerisier aux Dagueys ?<br \/>\n<\/figcaption><\/figure>\n<p>Site r\u00e9alis\u00e9 par le service Communication Ville de Libourne \/ La Cali \u00a9 Tous droits r\u00e9serv\u00e9s<\/p>\n<p><a href=\"https:\/\/www.facebook.com\/ville.de.libourne\" target=\"_blank\" rel=\"noopener noreferrer\"><br \/>\nFacebook<br \/>\n<\/a><br \/>\n<a href=\"https:\/\/www.instagram.com\/libournefr\/\" target=\"_blank\" rel=\"noopener noreferrer\"><br \/>\nInstagram<br \/>\n<\/a><\/p>\n","protected":false},"excerpt":{"rendered":"<p>Plaine des dagueys Deux projets de verdissement pour le poumon vert de Libourne La plaine des Dagueys, v\u00e9ritable poumon vert de la ville porte en son sein deux projets de verdissement : le reboisement forestier et la cr\u00e9ation d\u2019un verger partag\u00e9. Depuis 1998, la Ville de Libourne par le biais d\u2019entreprises d\u2019insertion proc\u00e8de \u00e0 la [&hellip;]<\/p>\n","protected":false},"author":1,"featured_media":0,"parent":0,"menu_order":0,"comment_status":"closed","ping_status":"closed","template":"","meta":[],"_links":{"self":[{"href":"https:\/\/www.libourne.fr\/plan-arbres\/wp-json\/wp\/v2\/pages\/3419"}],"collection":[{"href":"https:\/\/www.libourne.fr\/plan-arbres\/wp-json\/wp\/v2\/pages"}],"about":[{"href":"https:\/\/www.libourne.fr\/plan-arbres\/wp-json\/wp\/v2\/types\/page"}],"author":[{"embeddable":true,"href":"https:\/\/www.libourne.fr\/plan-arbres\/wp-json\/wp\/v2\/users\/1"}],"replies":[{"embeddable":true,"href":"https:\/\/www.libourne.fr\/plan-arbres\/wp-json\/wp\/v2\/comments?post=3419"}],"version-history":[{"count":47,"href":"https:\/\/www.libourne.fr\/plan-arbres\/wp-json\/wp\/v2\/pages\/3419\/revisions"}],"predecessor-version":[{"id":3702,"href":"https:\/\/www.libourne.fr\/plan-arbres\/wp-json\/wp\/v2\/pages\/3419\/revisions\/3702"}],"wp:attachment":[{"href":"https:\/\/www.libourne.fr\/plan-arbres\/wp-json\/wp\/v2\/media?parent=3419"}],"curies":[{"name":"wp","href":"https:\/\/api.w.org\/{rel}","templated":true}]}}